678969?
9
What is the hundred millions digit of 105953151?
1
What is the hundred millions digit of 627734283?
6
What is the ten thousands digit of 25620926?
2
What is the hundreds digit of 723238855?
8
What is the units digit of 43527537?
7
What is the thousands digit of 9601604?
1
What is the units digit of 457836813?
3
What is the units digit of 524766908?
8
What is the ten thousands digit of 42808804?
0
What is the ten millions digit of 42485776?
4
What is the millions digit of 1281923828?
1
What is the tens digit of 6492299772?
7
What is the hundred thousands digit of 74222499?
2
What is the thousands digit of 220262323?
2
What is the hundred millions digit of 348105990?
3
What is the hundreds digit of 1277596400?
4
What is the ten thousands digit of 421170419?
7
What is the hundred thousands digit of 42658767?
6
What is the units digit of 39128188?
8
What is the hundred thousands digit of 316867419?
8
What is the thousands digit of 198115149?
5
What is the ten thousands digit of 49822601?
2
What is the hundreds digit of 355289828?
8
What is the thousands digit of 701664684?
4
What is the ten millions digit of 4484993049?
8
What is the tens digit of 48735723?
2
What is the units digit of 5136695053?
3
What is the thousands digit of 27382628?
2
What is the ten thousands digit of 55248190?
4
What is the billions digit of 6854611433?
6
What is the ten millions digit of 198333849?
9
What is the units digit of 700306957?
7
What is the units digit of 18956677?
7
What is the ten thousands digit of 15599415?
9
What is the units digit of 496683112?
2
What is the thousands digit of 84447901?
7
What is the ten thousands digit of 31588195?
8
What is the tens digit of 48703832?
3
What is the units digit of 13766254?
4
What is the ten millions digit of 4689456949?
8
What is the thousands digit of 821582945?
2
What is the units digit of 132376479?
9
What is the thousands digit of 965356878?
6
What is the hundred thousands digit of 926435798?
4
What is the ten millions digit of 81570475?
8
What is the thousands digit of 56266077?
6
What is the thousands digit of 4264374345?
4
What is the billions digit of 2094308234?
2
What is the hundreds digit of 90125472?
4
What is the millions digit of 83057959?
3
What is the ten millions digit of 138274068?
3
What is the tens digit of 7789386947?
4
What is the hundred thousands digit of 51759282?
7
What is the thousands digit of 2057055760?
5
What is the millions digit of 842879776?
2
What is the units digit of 83396149?
9
What is the ten thousands digit of 237539190?
3
What is the ten thousands digit of 100597939?
9
What is the hundred thousands digit of 1018159068?
1
What is the hundreds digit of 5364047986?
9
What is the hundred millions digit of 1138247034?
1
What is the ten millions digit of 2271560445?
7
What is the hundred thousands digit of 425999295?
9
What is the ten thousands digit of 3804465?
0
What is the hundreds digit of 532664421?
4
What is the tens digit of 142491268?
6
What is the ten thousands digit of 1075328242?
2
What is the ten millions digit of 923190788?
2
What is the ten thousands digit of 77786291?
8
What is the ten thousands digit of 122770189?
7
What is the millions digit of 295553883?
5
What is the units digit of 647163646?
6
What is the hundred millions digit of 228162801?
2
What is the ten thousands digit of 33872110?
7
What is the thousands digit of 16724552?
4
What is the thousands digit of 35242904?
2
What is the tens digit of 704471516?
1
What is the ten thousands digit of 300371983?
7
What is the tens digit of 40257522?
2
What is the units digit of 3878834976?
6
What is the units digit of 213027317?
7
What is the ten millions digit of 64296773?
6
What is the ten millions digit of 42453342?
4
What is the millions digit of 3614963293?
4
What is the tens digit of 1152734012?
1
What is the thousands digit of 141027595?
7
What is the ten millions digit of 52919736?
5
What is the units digit of 1279660434?
4
What is the units digit of 573608157?
7
What is the hundreds digit of 1266054669?
6
What is the ten millions digit of 30028306?
3
What is the millions digit of 180067592?
0
What is the ten millions digit of 2502147519?
0
What is the hundred thousands digit of 5058986754?
9
What is the tens digit of 551649062?
6
What is the hundreds digit of 24863944?
9
What is the ten thousands digit of 560623095?
2
What is the tens digit of 21425072?
7
What is the units digit of 534638590?
0
What is the millions digit of 119978273?
9
What is the tens digit of 404899505?
0
What is the hundred millions digit of 5943329945?
9
What is the ten millions digit of 1468942480?
6
What is the millions digit of 114153485?
4
What is the hundreds digit of 230579454?
4
What is the hundred millions digit of 1275251223?
2
What is the hundred thousands digit of 34363668?
3
What is the units digit of 34602164?
4
What is the hundreds digit of 1812214763?
7
What is the hundred thousands digit of 1033962944?
9
What is the hundred millions digit of 2545942774?
5
What is the millions digit of 2253257761?
3
What is the millions digit of 1386165838?
6
What is the hundreds digit of 3858250288?
2
What is the ten millions digit of 1458463438?
5
What is the hundred thousands digit of 612802312?
8
What is the units digit of 15790640?
0
What is the hundreds digit of 8620263345?
3
What is the ten thousands digit of 747317?
4
What is the millions digit of 6409316624?
9
What is the tens digit of 460600099?
9
What is the ten millions digit of 712046529?
1
What is the hundred millions digit of 169589107?
1
What is the hundred thousands digit of 6733459680?
4
What is the ten thousands digit of 4207081802?
8
What is the tens digit of 2873025359?
5
What is the thousands digit of 432310713?
0
What is the hundred thousands digit of 111180470?
1
What is the ten millions digit of 95919070?
9
What is the hundred thousands digit of 682685238?
6
What is the thousands digit of 8701222?
1
What is the tens digit of 131386033?
3
What is the hundred thousands digit of 4893904675?
9
What is the millions digit of 25705001?
5
What is the hundred thousands digit of 998115872?
1
What is the ten thousands digit of 661833410?
3
What is the millions digit of 900458073?
0
What is the ten thousands digit of 24261954?
6
What is the tens digit of 7538448?
4
What is the ten millions digit of 96496933?
9
What is the hundred thousands digit of 70623319?
6
What is the hundreds digit of 7085535461?
4
What is the hundred millions digit of 118293990?
1
What is the ten thousands digit of 34704978?
0
What is the units digit of 587975060?
0
What is the ten millions digit of 11134429?
1
What is the units digit of 91881952?
2
What is the hundreds digit of 158050308?
3
What is the thousands digit of 112419878?
9
What is the hundred thousands digit of 194509044?
5
What is the ten thousands digit of 7753875932?
7
What is the hundred millions digit of 209192778?
2
What is the hundred thousands digit of 1007817490?
8
What is the millions digit of 4711520?
4
What is the ten millions digit of 1911340642?
1
What is the ten millions digit of 277964391?
7
What is the hundred millions digit of 166921241?
1
What is the thousands digit of 498502678?
2
What is the ten thousands digit of 2962408997?
0
What is the units digit of 37409605?
5
What is the ten millions digit of 73515797?
7
What is the hundreds digit of 21352470?
4
What is the hundred thousands digit of 107070247?
0
What is the hundreds digit of 247451096?
0
What is the millions digit of 868630260?
8
What is the ten millions digit of 680371494?
8
What is the hundreds digit of 80819442?
4
What is the tens digit of 1653212187?
8
What is the units digit of 699670821?
1
What is the hundreds digit of 1846233751?
7
What is the thousands digit of 2521600794?
0
What is the hundreds digit of 28988926?
9
What is the thousands digit of 46760144?
0
What is the thousands digit of 113957575?
7
What is the hundreds digit of 468797932?
9
What is the hundred thousands digit of 22250720?
2
What is the millions digit of 262449357?
2
What is the ten millions digit of 107017902?
0
What is the units digit of 74006417?
7
What is the units digit of 1511422570?
0
What is the ten millions digit of 926078414?
2
What is the billions digit of 3455917